3952?
True
Is 517845854 a multiple of 287?
False
Is 391819680 a multiple of 245?
True
Is 992186827 a multiple of 40?
False
Is 7805760 a multiple of 183?
False
Does 9 divide 28565469?
True
Is 5837142 a multiple of 38?
True
Is 270243425 a multiple of 5684?
False
Is 102140906 a multiple of 4374?
False
Is 87068252 a multiple of 148?
True
Does 22 divide 79813558?
True
Is 130469594 a multiple of 3638?
True
Is 1202525328 a multiple of 51?
True
Is 29 a factor of 40854307?
False
Is 593377664 a multiple of 128?
True
Does 54 divide 2203249816?
False
Is 246342367 a multiple of 44?
False
Does 9 divide 32426964?
True
Is 248 a factor of 197760740?
False
Is 6 a factor of 283619864?
False
Is 21 a factor of 11793285?
True
Is 285541529 a multiple of 47?
False
Is 2844640414 a multiple of 341?
True
Does 1739 divide 1812697081?
True
Is 30495566 a multiple of 118?
True
Does 37 divide 63254748?
False
Does 5928 divide 935741901?
False
Does 16 divide 29515392?
True
Does 705 divide 104507085?
True
Is 550335952 a multiple of 16?
True
Is 46 a factor of 60179178?
True
Does 89 divide 2271812803?
False
Does 107 divide 2949331669?
False
Does 3 divide 3031061?
False
Is 30 a factor of 104211197?
False
Does 3740 divide 244685760?
True
Is 2917373945 a multiple of 7519?
False
Does 22 divide 33603526?
True
Does 27 divide 3489480?
True
Is 393963156 a multiple of 54?
True
Is 149 a factor of 95900274?
True
Is 57 a factor of 2191382100?
True
Does 87 divide 113429643?
True
Does 4 divide 143454951?
False
Is 462737277 a multiple of 549?
True
Is 435848395 a multiple of 29?
True
Is 742636539 a multiple of 2336?
False
Is 17603600 a multiple of 16?
True
Is 225767238 a multiple of 246?
True
Does 14 divide 5020859?
False
Does 16 divide 4088772570?
False
Is 9688539 a multiple of 21?
True
Is 178666480 a multiple of 23?
False
Is 13048702 a multiple of 137?
True
Does 934 divide 408871543?
False
Is 51591144 a multiple of 292?
True
Does 451 divide 90506229?
True
Does 21 divide 56748006?
True
Does 9 divide 186998427?
True
Is 17 a factor of 6220711621?
True
Does 4224 divide 129151552?
False
Is 118185437 a multiple of 229?
False
Does 702 divide 102522848?
False
Is 5771 a factor of 622049843?
False
Is 1362 a factor of 23217413?
False
Does 50 divide 18257093?
False
Does 175 divide 18425750?
True
Is 30 a factor of 207225280?
False
Is 511989994 a multiple of 1460?
False
Is 1559228 a multiple of 4?
True
Is 770 a factor of 26394060?
True
Is 2006249544 a multiple of 597?
True
Is 26 a factor of 149743672?
True
Is 166438602 a multiple of 1122?
True
Is 17 a factor of 12857022?
False
Is 554928362 a multiple of 2957?
True
Does 19 divide 285978329?
True
Is 18453864 a multiple of 240?
False
Is 822 a factor of 15661358?
False
Does 426 divide 339008277?
False
Does 3 divide 50315433?
True
Is 231010128 a multiple of 55?
False
Is 1062 a factor of 3230578828?
False
Is 95434202 a multiple of 193?
False
Does 3327 divide 1652873562?
True
Is 330186980 a multiple of 120?
False
Does 4 divide 33345152?
True
Does 2804 divide 61253504?
False
Is 1057 a factor of 170884133?
True
Is 425 a factor of 10949275?
True
Is 343 a factor of 6289562?
False
Is 6406932 a multiple of 1068?
True
Is 2271 a factor of 479094702?
True
Is 186186065 a multiple of 65?
True
Is 56974170 a multiple of 5?
True
Is 45869258 a multiple of 582?
False
Is 10 a factor of 1264561782?
False
Is 86 a factor of 8499896?
True
Does 101 divide 101267852?
True
Is 17962320 a multiple of 24?
True
Does 2199 divide 257685417?
True
Is 103177112 a multiple of 3736?
True
Does 1072 divide 6010708?
False
Does 109 divide 40954110?
False
Does 114 divide 29709723?
False
Is 8 a factor of 669359392?
True
Is 830087580 a multiple of 399?
True
Does 13 divide 368668222?
True
Does 22 divide 138588887?
False
Is 16 a factor of 540503071?
False
Is 5797 a factor of 1416328837?
True
Is 1410384830 a multiple of 10?
True
Is 474 a factor of 178025027?
False
Is 278763392 a multiple of 3008?
True
Does 583 divide 84577259?
False
Is 8 a factor of 204413824?
True
Does 863 divide 109732444?
False
Is 70750576 a multiple of 52?
True
Is 55 a factor of 22407822?
False
Does 10 divide 40837772?
False
Does 10 divide 52304880?
True
Does 215 divide 807997950?
True
Does 206 divide 400079193?
False
Is 7 a factor of 175241269?
True
Is 15 a factor of 1735639730?
False
Does 73 divide 243310752?
True
Is 441447938 a multiple of 4?
False
Does 29 divide 43900577?
True
Does 21 divide 26211864?
True
Is 4806232 a multiple of 367?
True
Is 33 a factor of 1799396907?
True
Does 3283 divide 128174886?
True
Is 82 a factor of 3486384406?
True
Is 1707 a factor of 9386793?
True
Is 21 a factor of 1527104779?
False
Is 5 a factor of 62298000?
True
Is 791 a factor of 329444867?
False
Is 223943214 a multiple of 11?
True
Does 167 divide 1077481356?
False
Is 429015074 a multiple of 13?
False
Does 443 divide 470840778?
True
Is 541 a factor of 3803771?
True
Does 150 divide 6377400?
True
Is 490 a factor of 17765454?
False
Is 25 a factor of 19395350?
True
Is 5832 a factor of 596275344?
True
Does 4573 divide 751386970?
False
Is 52314855 a multiple of 555?
True
Is 703 a factor of 2461273?
False
Does 18 divide 143857746?
True
Is 1375 a factor of 537796?
False
Does 957 divide 1529877426?
True
Is 115776144 a multiple of 132?
True
Is 20 a factor of 19417520?
True
Does 16 divide 375840608?
True
Is 391915744 a multiple of 9?
False
Is 623191702 a multiple of 6?
False
Is 31252499 a multiple of 1163?
False
Does 7781 divide 274747110?
True
Is 761 a factor of 118881137?
True
Is 39 a factor of 31697959?
False
Does 595 divide 51491895?
True
Is 5 a factor of 820953501?
False
Does 1881 divide 12486582?
False
Does 27 divide 13713231?
False
Does 652 divide 46275047?
False
Is 8 a factor of 139750145?
False
Is 9102083 a multiple of 240?
False
Does 196 divide 19156826?
False
Is 1570510 a multiple of 10?
True
Is 16889096 a multiple of 6?
False
Is 30998031 a multiple of 20?
False
Does 19 divide 13645928?
False
Is 28444636 a multiple of 13?
False
Is 66999584 a multiple of 1432?
False
Does 586 divide 1558300901?
False
Does 1566 divide 26840988?
False
Is 765725 a multiple of 5?
True
Is 249 a factor of 1444510005?
True
Is 8 a factor of 341486943?
False
Is 297 a factor of 31602976?
False
Is 308741777 a multiple of 1556?
False
Does 95 divide 44157995?
True
Is 91771974 a multiple of 378?
True
Is 60244704 a multiple of 468?
True
Is 636317808 a multiple of 14?
True
Does 2146 divide 39199806?
False
Does 18 divide 11563812?
True
Is 154709659 a multiple of 726?
False
Is 30 a factor of 1125970830?
True
Does 6 divide 3029479?
False
Is 7473176 a multiple of 446?
True
Is 73 a factor of 151379662?
True
Is 650 a factor of 29317163?
False
Does 187 divide 2319041907?
False
Does 562 divide 7019003?
False
Does 27 divide 217238827?
False
Is 26 a factor of 703887262?
True
Does 515 divide 450575560?
True
Is 1052 a factor of 600954380?
False
Is 12525421 a multiple of 66?
False
Is 2390635 a multiple of 13?
True
Is 370 a factor of 1064959?
False
Does 4 divide 458030359?
False
Is 331007446 a multiple of 3086?
True
Does 29 divide 132447614?
False
Does 65 divide 23077210?
True
Is 278263286 a multiple of 622?
False
Is 1023 a factor of 2905267827?
True
Is 275 a factor of 97222125?
True
Is 228280850 a multiple of 14?
True
Is 980 a factor of 236578860?
True
Does 40 divide 587649760?
True
Is 8 a factor of 76335418?
False
Is 445357754 a multiple of 261?
False
Does 346 divide 200463450?
False
Is 187197624 a multiple of 12?
True
Is 12 a factor of 14713644?
True
Is 106 a factor of 47029232?
True
Is 46923576 a multiple of 284?
False
Does 149 divide 919747796?
True
Does 94 divide 288059616?
True
Is 25225700 a multiple of 745?
True
Is 40 a factor of 126253042?
False
Is 11836474 a multiple of 2317?
False
Is 101306288 a multiple of 6?
False
Is 8810394 a multiple of 3?
True
Is 377 a factor of 213368235?
False
Is 23518726 a multiple of 4?
False
Is 17 a factor of 61187777?
True
Is 425 a factor of 7741375?
True
Is 252 a factor of 9694692?
True
Does 1671 divide 757983981?
True
Is 344 a factor of 246106200?
True
Is 14850348 a multiple of 45?
False
Is 5125700385 a multiple of 65?
True
Does 6746 divide 182094778?
True
Is 1582140 a multiple of 5?
True
Does 79 divide 25333483?
True
Is 253909278 a multiple of 601?
True
D